65 - 1?
-4166
In base 15, what is 1e4 + -4?
1e0
In base 16, what is 5 - 8d?
-88
In base 2, what is -100 + 100011?
11111
In base 6, what is 1032 + 22?
1054
In base 14, what is c + 13?
21
In base 10, what is 85 + -44?
41
In base 3, what is 2202210 + 11?
2202221
In base 3, what is 12 - 212202?
-212120
In base 15, what is -43 - -66?
23
In base 15, what is 13 - -a?
1d
In base 15, what is -216 + -2?
-218
In base 2, what is -1 + 1000100?
1000011
In base 14, what is -2 - -30?
2c
In base 10, what is -11 + -19?
-30
In base 12, what is b - -4?
13
In base 11, what is 0 - -440?
440
In base 4, what is 21 - 1003?
-322
In base 11, what is 411 - -12?
423
In base 11, what is -8099 - 3?
-80a1
In base 5, what is 1144 + -4?
1140
In base 15, what is 6c + 16?
83
In base 15, what is -212 - 0?
-212
In base 14, what is -7d - 3b?
-ba
In base 13, what is -65 - 1?
-66
In base 12, what is -683 - 2?
-685
In base 2, what is -10 + -11001011?
-11001101
In base 7, what is -151 - 3?
-154
In base 11, what is -83 - -a?
-74
In base 6, what is 150 - 10?
140
In base 4, what is -213112 - 10?
-213122
In base 3, what is 1221 + -200?
1021
In base 15, what is 15cb + -1?
15ca
In base 6, what is -3 + -441?
-444
In base 16, what is -2a - 5a?
-84
In base 3, what is 12 - -1111001?
1111020
In base 14, what is 1b3 + 1?
1b4
In base 9, what is 143 - -1?
144
In base 10, what is -53 + 109?
56
In base 10, what is -3 + -234?
-237
In base 4, what is -1 + -120211?
-120212
In base 8, what is 10635 + -2?
10633
In base 8, what is -22 + -237?
-261
In base 6, what is 2 + -24113?
-24111
In base 10, what is -7763 - -4?
-7759
In base 10, what is -4 + -60?
-64
In base 13, what is -4 + 22b?
227
In base 4, what is 101 - 31?
10
In base 7, what is -1064 - 4?
-1101
In base 8, what is 17 + -137?
-120
In base 6, what is 12455 - -5?
12504
In base 2, what is -100 - 1000001011110?
-1000001100010
In base 15, what is 3 + -a0?
-9c
In base 6, what is 3 - 1142?
-1135
In base 3, what is 11010001 + 11?
11010012
In base 5, what is -10 + 204?
144
In base 3, what is 100 - 2020?
-1220
In base 13, what is -193 - -3?
-190
In base 4, what is 3200 + 2?
3202
In base 14, what is 0 - 29?
-29
In base 5, what is -2324 - 2?
-2331
In base 13, what is -103 + 0?
-103
In base 14, what is 64 - -2?
66
In base 10, what is -1 - 2428?
-2429
In base 2, what is 0 - 1000100000?
-1000100000
In base 4, what is -321 + 111?
-210
In base 6, what is 5330 + -5?
5321
In base 10, what is -12 + -9?
-21
In base 6, what is -2 + 25441?
25435
In base 6, what is 235 + -3?
232
In base 14, what is a62 - 0?
a62
In base 14, what is 0 - -43?
43
In base 16, what is -5ed - 2?
-5ef
In base 12, what is 53 - 22?
31
In base 11, what is -261 + 4?
-258
In base 2, what is 110 - 1010100111?
-1010100001
In base 5, what is -4 - -40?
31
In base 11, what is 4 + 41?
45
In base 4, what is -10 + 33?
23
In base 10, what is -16 - -67?
51
In base 2, what is -11011 - -101?
-10110
In base 15, what is 2 + 184c?
184e
In base 11, what is -267a + -2?
-2681
In base 14, what is -2 + 2c43?
2c41
In base 5, what is 13 + 4342?
4410
In base 3, what is -1 + -101200?
-101201
In base 14, what is -5 + -115?
-11a
In base 8, what is 1 + -141?
-140
In base 16, what is -2ed + 3?
-2ea
In base 15, what is 5 - -4a?
50
In base 13, what is 1 + 3b?
3c
In base 5, what is -12204 - -10?
-12144
In base 8, what is 302 + -21?
261
In base 15, what is -5 + -27?
-2c
In base 2, what is 101 - 10110001101?
-10110001000
In base 11, what is 2 + -2494?
-2492
In base 14, what is 2b7 - 0?
2b7
In base 11, what is 0 + 738?
738
In base 3, what is 2 + -2122111?
-2122102
In base 3, what is 1020222222 - 2?
1020222220
In base 7, what is -304 + 42?
-232
In base 2, what is 1001 - 1000001?
-111000
In base 11, what is -6 - 120?
-126
In base 11, what is -1 + -a4?
-a5
In base 13, what is -a - -44a?
440
In base 16, what is 1a - -2f?
49
In base 4, what is 0 + -1120?
-1120
In base 13, what is -1 + c7?
c6
In base 15, what is 4 - 10b?
-107
In base 12, what is 22 + 108?
12a
In base 15, what is 3a6 - b?
39a
In base 7, what is 4 - 43?
-36
In base 10, what is -26 - -364?
338
In base 2, what is -100 - -111?
11
In base 16, what is 941 - -3?
944
In base 11, what is -3088 + -2?
-308a
In base 13, what is -6c - 92?
-131
In base 3, what is 10 - 10021?
-10011
In base 15, what is 3 + -40?
-3c
In base 2, what is 11100010 + -10?
11100000
In base 6, what is 43 - 13?
30
In base 10, what is -545 + -3?
-548
In base 13, what is 403 - -9?
40c
In base 4, what is -12200 + 12?
-12122
In base 14, what is 4 + 7a?
80
In base 2, what is 11 + 1000110?
1001001
In base 13, what is 5 - 391?
-389
In base 8, what is -3000 + -3?
-3003
In base 9, what is 1 + -165?
-164
In base 10, what is -1 - 893?
-894
In base 3, what is -201 + 12?
-112
In base 4, what is -10 + -2211?
-2221
In base 3, what is 210 + 200001?
200211
In base 5, what is -10001 - 14?
-10020
In base 11, what is -38 + -7?
-44
In base 11, what is 9 + -290?
-282
In base 7, what is 2 + 6512?
6514
In base 13, what is 2 - 4a?
-48
In base 14, what is 25 + -5c?
-37
In base 6, what is 2 - 22?
-20
In base 6, what is 54 + -1?
53
In base 10, what is 2677 + -1?
2676
In base 16, what is -4 - 35?
-39
In base 15, what is -2 + 2b8?
2b6
In base 16, what is -31 + 185?
154
In base 11, what is 60 - 1?
5a
In base 14, what is -20c + 0?
-20c
In base 3, what is -2102 - 201?
-10010
In base 16, what is -6 - 57?
-5d
In base 3, what is 20200 + -2?
20121
In base 11, what is 311 + 2?
313
In base 2, what is 1010 - 11011101?
-11010011
In base 11, what is 3421 + -4?
3418
In base 13, what is 1 - -2a?
2b
In base 6, what is 2041 + 3?
2044
In base 13, what is -32 + 3?
-2c
In base 2, what is 10100 + 101001011?
101011111
In base 9, what is 31 + 8?
40
In base 5, what is -10 - -144?
134
In base 8, what is 35 - 216?
-161
In base 6, what is -203 - 5?
-212
In base 10, what is 2 - 91?
-89
In base 15, what is -46 + 2e?
-17
In base 7, what is 421 - -5?
426
In base 11, what is -5 - 725?
-72a
In base 10, what is -568 + -3?
-571
In base 7, what is -266 - 312?
-611
In base 3, what is 100 - 10?
20
In base 14, what is -463 - 4?
-467
In base 12, what is 9 - 1?
8
In base 7, what is 60 - -3?
63
In base 6, what is 5513 + -4?
5505
In base 11, what is 6 - -2869?
2874
In base 16, what is 7b - 0?
7b
In base 7, what is 4 - 43?
-36
In base 12, what is -2 - 1322?
-1324
In base 12, what is -7086 + -1?
-7087
In base 4, what is 3 - -211100?
211103
In base 2, what is 101 - -10111001?
10111110
In base 14, what is -546 - 2?
-548
In base 2, what is 100110000011101 + 1?
100110000011110
In base 3, what is 2 + 12001?
12010
In base 6, what is 301 + -5?
252
In base 11, what is 3 + 28?
30
In base 14, what is -b + 392?
385
In base 5, what is -242 - 120?
-412
In base 5, what is 214 + -140?
24
In base 4, what is 3 - 111?
-102
In base 4, what is -1 - 113331?
-113332
In base 5, what is -1 - -2?
1
In base 8, what is -1 - -104?
103
In base 4, what is 0 + 111?
111
In base 4, what is -313001 + -11?
-313012
In base 3, what is 12001 + 0?
12001
In base 12, what is -9 + 5?
-4
In base 4, what is 13012 + 10?
13022
In base 2, what is 10 - -10001001?
10001011
In base 3, what is 1 - 12202012?
-12202011
In base 5, what is 1 + 234?
240
In base 8, what is 7 - -24?
33
In base 6, what is -2 - 11545?
-11551
In base 10, what is -1613 - -3?
-1610
In base 15, what is 1 - 589?
-588
In base 13, what is 4 + 229?
230
In base 6, what is 3 + 22541?
22544
In base 14, what is -52 - 28?
-7a
In base 4, what is -1222 + -10?
-1232
In base 5, what is -4303 - -2?
-4301
In base 5, what is 44 - 230?
-131
In base 8, what is 13 - -1656?
1671
In base 3, what is -20002 - -2?
-20000
In base 15, what is -4 - b5?
-b9
In base 8, what is 5 - -533?
540
In base 9, what is -4 + 2882?
2877
In base 14, what is -1 + c?
b
In base 10, what is -1 + -3170?
-3171
In base 14, what is -36 + a?
-2a
In base 4, what is -1333 - 3?
-2002
In base 2, what is -10100101101110 + -11?
-10100101110001
In base 16, what is -2 + -12b?
-12d
In base 10, what is -20290 + 1?
-20289
In base 10, what is 1006 + 0?
1006
In base 4, what is -10 + 203?
133
In base 4, what is 0 + 231?
231
In base 12, what is 0 + b94?
b94
In base 15, what is -9 - 226?
-230
In base 6, what is -4051 - 0?
-4051
In base 14, what is 41d4 + 3?
41d7
In base 11, what is 6 - -66?
71
In base 10, what is -502 - 49?
-55